{"id":295,"date":"2025-10-23T20:24:03","date_gmt":"2025-10-23T20:24:03","guid":{"rendered":"https:\/\/bateriasfrisicaro.com.ar\/?page_id=295"},"modified":"2025-10-31T13:35:46","modified_gmt":"2025-10-31T13:35:46","slug":"inicio-nuevo","status":"publish","type":"page","link":"https:\/\/bateriasfrisicaro.com.ar\/","title":{"rendered":"Baterias Frisicaro en Cordoba Capital"},"content":{"rendered":"\t\t<div data-elementor-type=\"wp-page\" data-elementor-id=\"295\" class=\"elementor elementor-295\">\n\t\t\t\t\t\t<section class=\"elementor-section elementor-top-section elementor-element elementor-element-63b53b5 hero-full elementor-section-full_width elementor-section-height-min-height elementor-section-height-default elementor-section-items-middle\" data-id=\"63b53b5\" data-element_type=\"section\" data-settings=\"{&quot;background_background&quot;:&quot;gradient&quot;}\">\n\t\t\t\t\t\t\t<div class=\"elementor-background-overlay\"><\/div>\n\t\t\t\t\t\t\t<div class=\"elementor-container elementor-column-gap-no\">\n\t\t\t\t\t<div class=\"elementor-column elementor-col-100 elementor-top-column elementor-element elementor-element-1ddd5482\" data-id=\"1ddd5482\" data-element_type=\"column\">\n\t\t\t<div class=\"elementor-widget-wrap elementor-element-populated\">\n\t\t\t\t\t\t<div class=\"elementor-element elementor-element-4d66efbd elementor-widget elementor-widget-html\" data-id=\"4d66efbd\" data-element_type=\"widget\" data-widget_type=\"html.default\">\n\t\t\t\t<div class=\"elementor-widget-container\">\n\t\t\t<div class=\"header-frisicaro barra-derecha\">\r\n  <div class=\"contenedor-header\">\r\n    <div class=\"logo-zona\">\r\n      <h1>\r\n        <span class=\"baterias\">BATER\u00cdAS<\/span>\r\n        <span class=\"frisicaro\">FRISICARO<\/span>\r\n      <\/h1>\r\n      <p class=\"slogan\">Energ\u00eda donde est\u00e9s \u26a1<\/p>\r\n    <\/div>\r\n\r\n    <nav class=\"menu-derecha\">\r\n      <a href=\"#inicio\">Inicio<\/a>\r\n      <a href=\"#servicios\">Servicios<\/a>\r\n      <a href=\"#contacto\">Contacto<\/a>\r\n    <\/nav>\r\n  <\/div>\r\n<\/div>\r\n\t\t<\/div>\n\t\t\t\t<\/div>\n\t\t\t\t\t<\/div>\n\t\t<\/div>\n\t\t\t\t\t<\/div>\n\t\t<\/section>\n\t\t\t\t<section class=\"elementor-section elementor-top-section elementor-element elementor-element-eb2d469 elementor-section-height-min-height elementor-section-content-space-between elementor-section-full_width elementor-section-stretched hero-full elementor-section-height-default elementor-section-items-middle\" data-id=\"eb2d469\" data-element_type=\"section\" data-settings=\"{&quot;background_background&quot;:&quot;classic&quot;,&quot;stretch_section&quot;:&quot;section-stretched&quot;}\">\n\t\t\t\t\t\t\t<div class=\"elementor-background-overlay\"><\/div>\n\t\t\t\t\t\t\t<div class=\"elementor-container elementor-column-gap-no\">\n\t\t\t\t\t<div class=\"elementor-column elementor-col-100 elementor-top-column elementor-element elementor-element-44d81f25\" data-id=\"44d81f25\" data-element_type=\"column\">\n\t\t\t<div class=\"elementor-widget-wrap elementor-element-populated\">\n\t\t\t\t\t\t<div class=\"elementor-element elementor-element-6b3e3f95 elementor-widget elementor-widget-heading\" data-id=\"6b3e3f95\" data-element_type=\"widget\" data-widget_type=\"heading.default\">\n\t\t\t\t<div class=\"elementor-widget-container\">\n\t\t\t<h1 class=\"elementor-heading-title elementor-size-default\">Bater\u00edas a Domicilio en C\u00f3rdoba<\/h1>\t\t<\/div>\n\t\t\t\t<\/div>\n\t\t\t\t<div class=\"elementor-element elementor-element-67b6617 elementor-widget elementor-widget-text-editor\" data-id=\"67b6617\" data-element_type=\"widget\" data-widget_type=\"text-editor.default\">\n\t\t\t\t<div class=\"elementor-widget-container\">\n\t\t\t\t\t\t\t<p>Instalaci\u00f3n profesional en 15 minutos. Garant\u00eda oficial y asesoramiento inmediato para todas las marcas y modelos. \u00a1Llevamos la energ\u00eda donde est\u00e9s!<\/p>\t\t\t\t\t\t<\/div>\n\t\t\t\t<\/div>\n\t\t\t\t<section class=\"elementor-section elementor-inner-section elementor-element elementor-element-70c506e elementor-section-boxed elementor-section-height-default elementor-section-height-default\" data-id=\"70c506e\" data-element_type=\"section\">\n\t\t\t\t\t\t<div class=\"elementor-container elementor-column-gap-custom\">\n\t\t\t\t\t<div class=\"elementor-column elementor-col-50 elementor-inner-column elementor-element elementor-element-1dbdb5d\" data-id=\"1dbdb5d\" data-element_type=\"column\">\n\t\t\t<div class=\"elementor-widget-wrap elementor-element-populated\">\n\t\t\t\t\t\t<div class=\"elementor-element elementor-element-35e68534 elementor-align-justify elementor-widget__width-initial elementor-widget elementor-widget-button\" data-id=\"35e68534\" data-element_type=\"widget\" data-widget_type=\"button.default\">\n\t\t\t\t<div class=\"elementor-widget-container\">\n\t\t\t\t\t<div class=\"elementor-button-wrapper\">\n\t\t\t<a class=\"elementor-button elementor-button-link elementor-size-lg\" href=\"https:\/\/wa.me\/543516532577\">\n\t\t\t\t\t\t<span class=\"elementor-button-content-wrapper\">\n\t\t\t\t\t\t<span class=\"elementor-button-text\">WhatsApp<\/span>\n\t\t<\/span>\n\t\t\t\t\t<\/a>\n\t\t<\/div>\n\t\t\t\t<\/div>\n\t\t\t\t<\/div>\n\t\t\t\t\t<\/div>\n\t\t<\/div>\n\t\t\t\t<div class=\"elementor-column elementor-col-50 elementor-inner-column elementor-element elementor-element-702b0f4\" data-id=\"702b0f4\" data-element_type=\"column\">\n\t\t\t<div class=\"elementor-widget-wrap elementor-element-populated\">\n\t\t\t\t\t\t<div class=\"elementor-element elementor-element-cc5a76 elementor-align-center elementor-widget__width-initial elementor-widget elementor-widget-button\" data-id=\"cc5a76\" data-element_type=\"widget\" data-widget_type=\"button.default\">\n\t\t\t\t<div class=\"elementor-widget-container\">\n\t\t\t\t\t<div class=\"elementor-button-wrapper\">\n\t\t\t<a class=\"elementor-button elementor-button-link elementor-size-lg\" href=\"tel:3516532577\">\n\t\t\t\t\t\t<span class=\"elementor-button-content-wrapper\">\n\t\t\t\t\t\t<span class=\"elementor-button-text\">Llamar ahora \u00b7 351 653 2577<\/span>\n\t\t<\/span>\n\t\t\t\t\t<\/a>\n\t\t<\/div>\n\t\t\t\t<\/div>\n\t\t\t\t<\/div>\n\t\t\t\t\t<\/div>\n\t\t<\/div>\n\t\t\t\t\t<\/div>\n\t\t<\/section>\n\t\t\t\t\t<\/div>\n\t\t<\/div>\n\t\t\t\t\t<\/div>\n\t\t<\/section>\n\t\t\t\t<section class=\"elementor-section elementor-top-section elementor-element elementor-element-4e8bddeb elementor-section-boxed elementor-section-height-default elementor-section-height-default\" data-id=\"4e8bddeb\" data-element_type=\"section\">\n\t\t\t\t\t\t<div class=\"elementor-container elementor-column-gap-default\">\n\t\t\t\t\t<div class=\"elementor-column elementor-col-100 elementor-top-column elementor-element elementor-element-5d9ffb97\" data-id=\"5d9ffb97\" data-element_type=\"column\">\n\t\t\t<div class=\"elementor-widget-wrap elementor-element-populated\">\n\t\t\t\t\t\t<div class=\"elementor-element elementor-element-221f2cb2 elementor-widget elementor-widget-heading\" data-id=\"221f2cb2\" data-element_type=\"widget\" data-widget_type=\"heading.default\">\n\t\t\t\t<div class=\"elementor-widget-container\">\n\t\t\t<h2 class=\"elementor-heading-title elementor-size-default\">Nuestros Servicios<\/h2>\t\t<\/div>\n\t\t\t\t<\/div>\n\t\t\t\t\t<\/div>\n\t\t<\/div>\n\t\t\t\t<div class=\"elementor-column elementor-col-33.33 elementor-top-column elementor-element elementor-element-74e4a951\" data-id=\"74e4a951\" data-element_type=\"column\">\n\t\t\t<div class=\"elementor-widget-wrap elementor-element-populated\">\n\t\t\t\t\t\t<div class=\"elementor-element elementor-element-e1498ac elementor-widget elementor-widget-heading\" data-id=\"e1498ac\" data-element_type=\"widget\" data-widget_type=\"heading.default\">\n\t\t\t\t<div class=\"elementor-widget-container\">\n\t\t\t<h2 class=\"elementor-heading-title elementor-size-default\">Trayectoria<\/h2>\t\t<\/div>\n\t\t\t\t<\/div>\n\t\t\t\t<div class=\"elementor-element elementor-element-8e5b828 elementor-widget elementor-widget-text-editor\" data-id=\"8e5b828\" data-element_type=\"widget\" data-widget_type=\"text-editor.default\">\n\t\t\t\t<div class=\"elementor-widget-container\">\n\t\t\t\t\t\t\tM\u00e1s de 50 a\u00f1os brindando soluciones de energ\u00eda automotriz con calidad, respaldo y atenci\u00f3n personalizada.\t\t\t\t\t\t<\/div>\n\t\t\t\t<\/div>\n\t\t\t\t\t<\/div>\n\t\t<\/div>\n\t\t\t\t<div class=\"elementor-column elementor-col-33.33 elementor-top-column elementor-element elementor-element-45a6e965\" data-id=\"45a6e965\" data-element_type=\"column\">\n\t\t\t<div class=\"elementor-widget-wrap elementor-element-populated\">\n\t\t\t\t\t\t<div class=\"elementor-element elementor-element-47a8edd3 elementor-widget elementor-widget-heading\" data-id=\"47a8edd3\" data-element_type=\"widget\" data-widget_type=\"heading.default\">\n\t\t\t\t<div class=\"elementor-widget-container\">\n\t\t\t<h2 class=\"elementor-heading-title elementor-size-default\">Servicio T\u00e9cnico<\/h2>\t\t<\/div>\n\t\t\t\t<\/div>\n\t\t\t\t<div class=\"elementor-element elementor-element-594a3b84 elementor-widget elementor-widget-text-editor\" data-id=\"594a3b84\" data-element_type=\"widget\" data-widget_type=\"text-editor.default\">\n\t\t\t\t<div class=\"elementor-widget-container\">\n\t\t\t\t\t\t\tDiagn\u00f3stico, test y reemplazo de bater\u00eda a domicilio. Trabajamos con est\u00e1ndares de seguridad y garant\u00eda.\t\t\t\t\t\t<\/div>\n\t\t\t\t<\/div>\n\t\t\t\t\t<\/div>\n\t\t<\/div>\n\t\t\t\t<div class=\"elementor-column elementor-col-33.33 elementor-top-column elementor-element elementor-element-2b416639\" data-id=\"2b416639\" data-element_type=\"column\">\n\t\t\t<div class=\"elementor-widget-wrap elementor-element-populated\">\n\t\t\t\t\t\t<div class=\"elementor-element elementor-element-3c7f11ae elementor-widget elementor-widget-heading\" data-id=\"3c7f11ae\" data-element_type=\"widget\" data-widget_type=\"heading.default\">\n\t\t\t\t<div class=\"elementor-widget-container\">\n\t\t\t<h2 class=\"elementor-heading-title elementor-size-default\">Instalaci\u00f3n a Domicilio<\/h2>\t\t<\/div>\n\t\t\t\t<\/div>\n\t\t\t\t<div class=\"elementor-element elementor-element-1eb3b7dc elementor-widget__width-initial elementor-widget elementor-widget-text-editor\" data-id=\"1eb3b7dc\" data-element_type=\"widget\" data-widget_type=\"text-editor.default\">\n\t\t\t\t<div class=\"elementor-widget-container\">\n\t\t\t\t\t\t\t<p>Vamos a tu ubicaci\u00f3n en minutos. Servicio r\u00e1pido, confiable y con garant\u00eda escrita.<\/p>\t\t\t\t\t\t<\/div>\n\t\t\t\t<\/div>\n\t\t\t\t\t<\/div>\n\t\t<\/div>\n\t\t\t\t\t<\/div>\n\t\t<\/section>\n\t\t\t\t<section class=\"elementor-section elementor-top-section elementor-element elementor-element-3a825d9c elementor-section-boxed elementor-section-height-default elementor-section-height-default\" data-id=\"3a825d9c\" data-element_type=\"section\">\n\t\t\t\t\t\t<div class=\"elementor-container elementor-column-gap-default\">\n\t\t\t\t\t<div class=\"elementor-column elementor-col-50 elementor-top-column elementor-element elementor-element-74bcadba\" data-id=\"74bcadba\" data-element_type=\"column\">\n\t\t\t<div class=\"elementor-widget-wrap elementor-element-populated\">\n\t\t\t\t\t\t<div class=\"elementor-element elementor-element-53fbfd3f elementor-widget elementor-widget-heading\" data-id=\"53fbfd3f\" data-element_type=\"widget\" data-widget_type=\"heading.default\">\n\t\t\t\t<div class=\"elementor-widget-container\">\n\t\t\t<h2 class=\"elementor-heading-title elementor-size-default\">Contactanos<\/h2>\t\t<\/div>\n\t\t\t\t<\/div>\n\t\t\t\t<div class=\"elementor-element elementor-element-7ac94cfb elementor-widget elementor-widget-text-editor\" data-id=\"7ac94cfb\" data-element_type=\"widget\" data-widget_type=\"text-editor.default\">\n\t\t\t\t<div class=\"elementor-widget-container\">\n\t\t\t\t\t\t\t<strong>Tel\u00e9fono:<\/strong> 351 653 2577<br><strong>Email:<\/strong> ventas@bateriasfrisicaro.com.ar<br><strong>Direcci\u00f3n:<\/strong> Av. Armada Argentina 1052 \u00b7 C\u00f3rdoba<br><em>Horarios: Lun a Vie 9\u201318 \u00b7 S\u00e1b 9\u201313<\/em>\t\t\t\t\t\t<\/div>\n\t\t\t\t<\/div>\n\t\t\t\t\t<\/div>\n\t\t<\/div>\n\t\t\t\t<div class=\"elementor-column elementor-col-50 elementor-top-column elementor-element elementor-element-148bbd81\" data-id=\"148bbd81\" data-element_type=\"column\">\n\t\t\t<div class=\"elementor-widget-wrap elementor-element-populated\">\n\t\t\t\t\t\t<div class=\"elementor-element elementor-element-f41d9aa elementor-widget elementor-widget-html\" data-id=\"f41d9aa\" data-element_type=\"widget\" data-widget_type=\"html.default\">\n\t\t\t\t<div class=\"elementor-widget-container\">\n\t\t\t<iframe width='100%' height='320' style='border-radius:12px;border:0;filter:invert(90%) hue-rotate(180deg) saturate(60%)' src='https:\/\/www.google.com\/maps?q=Av.%20Armada%20Argentina%201052,%20C\u00f3rdoba,%20Argentina&output=embed' loading='lazy'><\/iframe>\t\t<\/div>\n\t\t\t\t<\/div>\n\t\t\t\t\t<\/div>\n\t\t<\/div>\n\t\t\t\t\t<\/div>\n\t\t<\/section>\n\t\t\t\t<section class=\"elementor-section elementor-top-section elementor-element elementor-element-965133d elementor-section-boxed elementor-section-height-default elementor-section-height-default\" data-id=\"965133d\" data-element_type=\"section\">\n\t\t\t\t\t\t<div class=\"elementor-container elementor-column-gap-default\">\n\t\t\t\t\t<div class=\"elementor-column elementor-col-100 elementor-top-column elementor-element elementor-element-2dd9eac6\" data-id=\"2dd9eac6\" data-element_type=\"column\">\n\t\t\t<div class=\"elementor-widget-wrap elementor-element-populated\">\n\t\t\t\t\t\t<div class=\"elementor-element elementor-element-7fcef21d elementor-widget elementor-widget-text-editor\" data-id=\"7fcef21d\" data-element_type=\"widget\" data-widget_type=\"text-editor.default\">\n\t\t\t\t<div class=\"elementor-widget-container\">\n\t\t\t\t\t\t\t\u00a9 2025 Bater\u00edas Frisicaro. Todos los derechos reservados.\t\t\t\t\t\t<\/div>\n\t\t\t\t<\/div>\n\t\t\t\t\t<\/div>\n\t\t<\/div>\n\t\t\t\t\t<\/div>\n\t\t<\/section>\n\t\t\t\t<\/div>\n\t\t","protected":false},"excerpt":{"rendered":"<p>BATER\u00cdAS FRISICARO Energ\u00eda donde est\u00e9s \u26a1 Inicio Servicios Contacto Bater\u00edas a Domicilio en C\u00f3rdoba Instalaci\u00f3n profesional en 15 minutos. Garant\u00eda oficial y asesoramiento inmediato para todas las marcas y modelos. \u00a1Llevamos la energ\u00eda donde est\u00e9s! WhatsApp Llamar ahora \u00b7 351 653 2577 Nuestros Servicios Trayectoria M\u00e1s de 50 a\u00f1os brindando soluciones de energ\u00eda automotriz con [&hellip;]<\/p>\n","protected":false},"author":3,"featured_media":0,"parent":0,"menu_order":0,"comment_status":"closed","ping_status":"closed","template":"elementor_canvas","meta":{"footnotes":""},"class_list":["post-295","page","type-page","status-publish","hentry"],"yoast_head":"<!-- This site is optimized with the Yoast SEO plugin v26.2 - https:\/\/yoast.com\/wordpress\/plugins\/seo\/ -->\n<title>Baterias Frisicaro en Cordoba Capital -<\/title>\n<meta name=\"robots\" content=\"index, follow, max-snippet:-1, max-image-preview:large, max-video-preview:-1\" \/>\n<link rel=\"canonical\" href=\"https:\/\/bateriasfrisicaro.com.ar\/\" \/>\n<meta property=\"og:locale\" content=\"es_ES\" \/>\n<meta property=\"og:type\" content=\"article\" \/>\n<meta property=\"og:title\" content=\"Baterias Frisicaro en Cordoba Capital -\" \/>\n<meta property=\"og:description\" content=\"BATER\u00cdAS FRISICARO Energ\u00eda donde est\u00e9s \u26a1 Inicio Servicios Contacto Bater\u00edas a Domicilio en C\u00f3rdoba Instalaci\u00f3n profesional en 15 minutos. Garant\u00eda oficial y asesoramiento inmediato para todas las marcas y modelos. \u00a1Llevamos la energ\u00eda donde est\u00e9s! WhatsApp Llamar ahora \u00b7 351 653 2577 Nuestros Servicios Trayectoria M\u00e1s de 50 a\u00f1os brindando soluciones de energ\u00eda automotriz con [&hellip;]\" \/>\n<meta property=\"og:url\" content=\"https:\/\/bateriasfrisicaro.com.ar\/\" \/>\n<meta property=\"article:modified_time\" content=\"2025-10-31T13:35:46+00:00\" \/>\n<meta name=\"twitter:card\" content=\"summary_large_image\" \/>\n<meta name=\"twitter:label1\" content=\"Tiempo de lectura\" \/>\n\t<meta name=\"twitter:data1\" content=\"1 minuto\" \/>\n<script type=\"application\/ld+json\" class=\"yoast-schema-graph\">{\"@context\":\"https:\/\/schema.org\",\"@graph\":[{\"@type\":\"WebPage\",\"@id\":\"https:\/\/bateriasfrisicaro.com.ar\/\",\"url\":\"https:\/\/bateriasfrisicaro.com.ar\/\",\"name\":\"Baterias Frisicaro en Cordoba Capital -\",\"isPartOf\":{\"@id\":\"https:\/\/bateriasfrisicaro.com.ar\/#website\"},\"datePublished\":\"2025-10-23T20:24:03+00:00\",\"dateModified\":\"2025-10-31T13:35:46+00:00\",\"breadcrumb\":{\"@id\":\"https:\/\/bateriasfrisicaro.com.ar\/#breadcrumb\"},\"inLanguage\":\"es-AR\",\"potentialAction\":[{\"@type\":\"ReadAction\",\"target\":[\"https:\/\/bateriasfrisicaro.com.ar\/\"]}]},{\"@type\":\"BreadcrumbList\",\"@id\":\"https:\/\/bateriasfrisicaro.com.ar\/#breadcrumb\",\"itemListElement\":[{\"@type\":\"ListItem\",\"position\":1,\"name\":\"Home\",\"item\":\"https:\/\/bateriasfrisicaro.com.ar\/\"},{\"@type\":\"ListItem\",\"position\":2,\"name\":\"Baterias Frisicaro en Cordoba Capital\"}]},{\"@type\":\"WebSite\",\"@id\":\"https:\/\/bateriasfrisicaro.com.ar\/#website\",\"url\":\"https:\/\/bateriasfrisicaro.com.ar\/\",\"name\":\"\",\"description\":\"Baterias Frisicaro - Tu mejor elecci\u00f3n\",\"potentialAction\":[{\"@type\":\"SearchAction\",\"target\":{\"@type\":\"EntryPoint\",\"urlTemplate\":\"https:\/\/bateriasfrisicaro.com.ar\/?s={search_term_string}\"},\"query-input\":{\"@type\":\"PropertyValueSpecification\",\"valueRequired\":true,\"valueName\":\"search_term_string\"}}],\"inLanguage\":\"es-AR\"}]}<\/script>\n<!-- \/ Yoast SEO plugin. -->","yoast_head_json":{"title":"Baterias Frisicaro en Cordoba Capital -","robots":{"index":"index","follow":"follow","max-snippet":"max-snippet:-1","max-image-preview":"max-image-preview:large","max-video-preview":"max-video-preview:-1"},"canonical":"https:\/\/bateriasfrisicaro.com.ar\/","og_locale":"es_ES","og_type":"article","og_title":"Baterias Frisicaro en Cordoba Capital -","og_description":"BATER\u00cdAS FRISICARO Energ\u00eda donde est\u00e9s \u26a1 Inicio Servicios Contacto Bater\u00edas a Domicilio en C\u00f3rdoba Instalaci\u00f3n profesional en 15 minutos. Garant\u00eda oficial y asesoramiento inmediato para todas las marcas y modelos. \u00a1Llevamos la energ\u00eda donde est\u00e9s! WhatsApp Llamar ahora \u00b7 351 653 2577 Nuestros Servicios Trayectoria M\u00e1s de 50 a\u00f1os brindando soluciones de energ\u00eda automotriz con [&hellip;]","og_url":"https:\/\/bateriasfrisicaro.com.ar\/","article_modified_time":"2025-10-31T13:35:46+00:00","twitter_card":"summary_large_image","twitter_misc":{"Tiempo de lectura":"1 minuto"},"schema":{"@context":"https:\/\/schema.org","@graph":[{"@type":"WebPage","@id":"https:\/\/bateriasfrisicaro.com.ar\/","url":"https:\/\/bateriasfrisicaro.com.ar\/","name":"Baterias Frisicaro en Cordoba Capital -","isPartOf":{"@id":"https:\/\/bateriasfrisicaro.com.ar\/#website"},"datePublished":"2025-10-23T20:24:03+00:00","dateModified":"2025-10-31T13:35:46+00:00","breadcrumb":{"@id":"https:\/\/bateriasfrisicaro.com.ar\/#breadcrumb"},"inLanguage":"es-AR","potentialAction":[{"@type":"ReadAction","target":["https:\/\/bateriasfrisicaro.com.ar\/"]}]},{"@type":"BreadcrumbList","@id":"https:\/\/bateriasfrisicaro.com.ar\/#breadcrumb","itemListElement":[{"@type":"ListItem","position":1,"name":"Home","item":"https:\/\/bateriasfrisicaro.com.ar\/"},{"@type":"ListItem","position":2,"name":"Baterias Frisicaro en Cordoba Capital"}]},{"@type":"WebSite","@id":"https:\/\/bateriasfrisicaro.com.ar\/#website","url":"https:\/\/bateriasfrisicaro.com.ar\/","name":"","description":"Baterias Frisicaro - Tu mejor elecci\u00f3n","potentialAction":[{"@type":"SearchAction","target":{"@type":"EntryPoint","urlTemplate":"https:\/\/bateriasfrisicaro.com.ar\/?s={search_term_string}"},"query-input":{"@type":"PropertyValueSpecification","valueRequired":true,"valueName":"search_term_string"}}],"inLanguage":"es-AR"}]}},"_links":{"self":[{"href":"https:\/\/bateriasfrisicaro.com.ar\/index.php\/wp-json\/wp\/v2\/pages\/295","targetHints":{"allow":["GET"]}}],"collection":[{"href":"https:\/\/bateriasfrisicaro.com.ar\/index.php\/wp-json\/wp\/v2\/pages"}],"about":[{"href":"https:\/\/bateriasfrisicaro.com.ar\/index.php\/wp-json\/wp\/v2\/types\/page"}],"author":[{"embeddable":true,"href":"https:\/\/bateriasfrisicaro.com.ar\/index.php\/wp-json\/wp\/v2\/users\/3"}],"replies":[{"embeddable":true,"href":"https:\/\/bateriasfrisicaro.com.ar\/index.php\/wp-json\/wp\/v2\/comments?post=295"}],"version-history":[{"count":205,"href":"https:\/\/bateriasfrisicaro.com.ar\/index.php\/wp-json\/wp\/v2\/pages\/295\/revisions"}],"predecessor-version":[{"id":705,"href":"https:\/\/bateriasfrisicaro.com.ar\/index.php\/wp-json\/wp\/v2\/pages\/295\/revisions\/705"}],"wp:attachment":[{"href":"https:\/\/bateriasfrisicaro.com.ar\/index.php\/wp-json\/wp\/v2\/media?parent=295"}],"curies":[{"name":"wp","href":"https:\/\/api.w.org\/{rel}","templated":true}]}}